y + -1 + 38 + 7. Suppose 4*b = q + q - h, -2*q - 2*b + 74 = 0. Is 14 a factor of q?
False
Let g(b) = -b**2 + 9*b - 5. Let u be g(8). Suppose 0 = 3*s + 2*s + u*m - 24, -m - 12 = -5*s. Suppose -s*v + 0*v - 4*w = -47, 3*v - 37 = w. Is 10 a factor of v?
False
Let o = 4 + 0. Suppose 0*p - o*p + 8 = 0. Is (1/p)/(4/48) a multiple of 6?
True
Is 9 a factor of 132/(-20)*(-2 - 13)?
True
Let u = -17 + 16. Does 27 divide (-105)/(u/2*2)?
False
Suppose 47 = 2*l + 5*k, -4*l + 6*k = 4*k - 34. Does 11 divide l?
True
Suppose 26 = 5*p - 4*h - 28, 5*h - 48 = -2*p. Let c be 3/(2 - p/6). Is 12 a factor of 6/c + 196/6?
False
Suppose 5*d = 39 + 161. Is 8 a factor of d?
True
Let a = -17 + 21. Is 4 a factor of a?
True
Suppose -10*p - 116 = -12*p. Is 25 a factor of p?
False
Let i = 685 - 444. Does 38 divide i?
False
Let r(c) = 143*c**2 - c - 1. Does 46 divide r(-1)?
False
Let s(h) be the third derivative of h**4/24 + 22*h**3/3 + 6*h**2. Is s(0) a multiple of 11?
True
Suppose -2*t - 122 = -376. Let v = t - 76. Is v a multiple of 17?
True
Let l = -145 + 273. Does 32 divide l?
True
Let w(t) = t + 7. Does 5 divide w(3)?
True
Let f = -279 + 601. Does 23 divide f?
True
Suppose 1 + 2 = 3*f. Let r = 9 + f. Does 5 divide r?
True
Is 42 a factor of (-12)/(1 - 24/21)?
True
Let x(g) = -12*g + 12. Is x(-8) a multiple of 36?
True
Suppose -165 = -3*b + 24. Is b a multiple of 21?
True
Let i(z) = -z**2 + 10*z - 9. Let b be i(9). Let f(w) = 8 - w**2 + b*w - 1 + 7*w. Does 6 divide f(6)?
False
Let d(j) = -7*j**3 + 11*j**2 - 11*j - 3. Let k(g) = 4*g**3 - 5*g**2 + 5*g + 1. Let a = 7 - 4. Let c(s) = a*d(s) + 5*k(s). Is c(6) a multiple of 20?
True
Let t be (8/6 + -2)*-6. Let n(q) = q**2 - 3*q + 1. Let u be n(0). Suppose -b = -t - u. Is 3 a factor of b?
False
Let b(w) = -9*w - 6. Let f = -32 - -23. Does 27 divide b(f)?
False
Let g = 4 + -5. Let o = g - -3. Suppose -o*v - w - w + 14 = 0, -2*v - 5*w + 11 = 0. Does 3 divide v?
False
Let u(l) = -l + 4. Suppose 2*p + 3*p = 0. Is u(p) a multiple of 4?
True
Suppose 6*r + 3*s - 55 = r, -3*r = 3*s - 27. Does 5 divide r?
False
Let l be (0 - -7) + (1 - 2). Let z(j) = -j**3 + 6*j**2 - 10*j + 9. Let u be z(l). Let m = u + 105. Is m a multiple of 20?
False
Suppose -2*a + 7*a - 10 = 0. Suppose -3*v + a*v = 1, 3*t + 4 = 2*v. Is (4 + t)/2 - -21 a multiple of 11?
True
Let o be 1/(((-20)/36)/5). Let t = -5 - o. Does 4 divide t?
True
Let k = 9 + 39. Let g = 112 - k. Is g a multiple of 16?
True
Suppose 5*z = 4*z - 5*n, 3*z + 3*n - 36 = 0. Does 3 divide 50/z - (-1)/(-3)?
True
Let g(z) be the first derivative of -z**4/4 + 4*z**3/3 + z**2 - 6*z + 3. Let d be g(4). Suppose -s = -5*v + 4*s + 85, -d*v + 27 = 5*s. Is v a multiple of 12?
False
Let a(j) = 2*j**2 - 12*j + 2. Is 7 a factor of a(9)?
True
Let p(w) = 3*w - 2. Suppose 0 = -4*d + 8, -3*d + d + 10 = -3*f. Let c(g) = -16*g + 11. Let h(o) = f*c(o) - 11*p(o). Is 7 a factor of h(-7)?
True
Let q(p) = -7*p**3 - 2*p - 1 - 3*p**2 - 1 + 3. Let x be q(-2). Suppose -41 = -5*z + x. Does 13 divide z?
False
Suppose 0*t + 58 = t - 2*b, -2*t - b = -121. Suppose -4*c = -d - 214, -t = -5*c + 5*d + 215. Is 30 a factor of c?
False
Suppose -j + 54 = -0*j. Let r = j + -14. Is 10 a factor of r?
True
Suppose 2 + 4 = 2*j. Suppose u - 8 = 24. Suppose -5*d + u = -j*d. Does 16 divide d?
True
Let k be 30/(-25)*10/(-4). Suppose 3*r - 180 = 4*d - k*d, 120 = 2*r + 4*d. Is 21 a factor of r?
False
Suppose 5*l = -8*d + 3*d - 5, 2*d = l - 14. Suppose l*a + 0*a = 68. Is 14 a factor of a?
False
Let t(y) = -4*y + 2. Does 3 divide t(-3)?
False
Let t be 2*5/(-2)*-1. Let r be (-1 - 0)/(t/(-15)). Suppose r*j = -5*p + 91, -2*j + 4*p + 5 = -19. Does 6 divide j?
False
Let q(n) = 2*n**2 - 2*n + 14. Does 50 divide q(-6)?
False
Suppose -2*i + 12 = 2*i. Suppose 4*a + 5*g = -3, -g - 4*g - 15 = 0. Suppose a*j - i = 9. Is 2 a factor of j?
True
Suppose -x + 3 = -d, -3*d = -4*x - 6*d + 26. Let p(f) = f**2 - 3*f - 7. Let l be p(x). Suppose -v = -l*v + 34. Is 10 a factor of v?
False
Suppose 0 = 2*o + 65 - 165. Suppose -u = u - o. Does 16 divide u?
False
Suppose -3*k = -5*m - 1, 0 = 3*m + 1 - 4. Suppose 5*z + 71 = k*x, -4*x - 22 = -5*x - 2*z. Is 13 a factor of x?
False
Suppose -201 = -10*r + 39. Is r a multiple of 21?
False
Let d(a) = 3*a**2 - 2. Let t = -1 - -3. Let y be 6/(-2) + 2/t. Does 8 divide d(y)?
False
Suppose -3*b + 10*b - 357 = 0. Is b a multiple of 17?
True
Suppose 7*v - 2*v + 95 = 0. Let p = -11 - v. Is p a multiple of 4?
True
Is 18 a factor of 8*(72/(-10))/(1/(-5))?
True
Let t(g) = -g**3 - 7*g**2 + 12*g + 18. Let p be t(-8). Let s = p + 22. Does 7 divide s?
False
Let b be 3/2*(-24)/(-9). Suppose b*x = -15 + 183. Is x a multiple of 14?
True
Let u = 5 - 14. Let a be u*-1*(0 - -1). Suppose -9 = -2*c + a. Is 3 a factor of c?
True
Let i = 84 + -43. Is 7 a factor of i?
False
Suppose 0 = k + 2*k + 6. Let z(t) = t**2 + 2*t + 3. Let v be z(k). Let m(s) = -s**3 + 6*s**2 + s - 4. Is 13 a factor of m(v)?
True
Let g(t) be the third derivative of -t**6/120 + 2*t**5/15 - t**4/6 + 5*t**3/6 + 4*t**2. Let m be g(5). Let x = m + -30. Is 10 a factor of x?
True
Let r(t) be the second derivative of -t**3/3 + t**2/2 + 4*t. Is r(-5) a multiple of 11?
True
Suppose t = -4*i - 877, -3*i + 42 = -t + 698. Let y = 324 + i. Suppose -6*h + h = -y. Is 13 a factor of h?
False
Suppose i + 5*c = -2*i - 23, -3*i - 14 = -4*c. Let m(h) = h**2 - h + 8. Is 9 a factor of m(i)?
False
Suppose 4*f - f - 9 = 0. Suppose 12 = 3*l - f. Suppose l*i + 0*i = 225. Is i a multiple of 19?
False
Let z be -7*(0 - 3)/3. Suppose 0 = 2*q + 2*o - 6, 5*o = -4*q + z + 3. Suppose -5*x + 0*k + 36 = -3*k, -4*k + 22 = q*x. Does 6 divide x?
True
Is 16 a factor of 291/6 - (-6)/12?
False
Let u = -1 + 4. Let g(v) be the third derivative of v**5/30 - v**4/24 + v**3/3 - 17*v**2. Is g(u) a multiple of 13?
False
Is 34 a factor of (17/2)/((-1)/8*-2)?
True
Suppose 5*w - 20 = -0*w. Suppose 3*o = -n + 5, -2*n = 2*n - w*o - 68. Suppose -96 = k - 6*k - t, -n = -k + 5*t. Does 9 divide k?
False
Is 5 a factor of ((-39)/(-9))/((-1)/(-3))?
False
Is 7 a factor of 3/6*1/((-4)/(-656))?
False
Let x = 0 - -3. Let a be ((-6)/5)/(3/(-90)). Suppose -x*s + s + 40 = 4*z, -4*z - s = -a. Does 4 divide z?
True
Let b(t) = 2*t + 10. Let x be b(-7). Let s = x - -8. Is (s/(-6))/(2/(-15)) a multiple of 2?
False
Let x(v) = v - 2. Suppose g - 3 = 3. Let a be x(g). Suppose 5*p + a = 3*y, -3*y = 2*p + 2*p - 13. Is y a multiple of 3?
True
Let t(f) = f**3 + 3*f**2 + 2*f. Let k be t(-2). Is (41 - (3 + k))/2 a multiple of 19?
True
Suppose 4*t = 2*q - 30, -3*t = q - 0 + 5. Let d(a) = a**3 - 8*a**2 - 9*a + 9. Let w(g) = -g**2 - g. Let u(k) = d(k) - 2*w(k). Is 4 a factor of u(q)?
False
Let y = 1 + 36. Suppose -3*u + y = f, -2*f + 3*f = 1. Is 10 a factor of u?
False
Let n = 1 + 2. Suppose -k + 52 = n*k. Is 11 a factor of k?
False
Let m = 128 - 52. Does 38 divide m?
True
Let d(h) = -h**2 + 44*h + 75. Is 51 a factor of d(32)?
True
Suppose -3*l + 6*l - 69 = 0. Let g = 37 - l. Is 11 a factor of g?
False
Let h(k) = 112*k - 17. Does 15 divide h(2)?
False
Let y(w) = -w**2 + 0*w**2 - 44 - w**3 - w + 2*w. Let j be y(0). Let q = j - -87. Is q a multiple of 15?
False
Let r(j) = 23*j - 10. Is 5 a factor of r(3)?
False
Let p(t) = 69*t**2 + 2*t - 1. Let g be p(1). Suppose -2*s - 13 = -u, 5*u - 2*s = 3*s + 90. Let m = g - u. Is 17 a factor of m?
False
Suppose 4*s = -s - 15. Let f(y) = -3*y**2 + 0*y**3 + 2 - 2*y**3 - y**2. Does 10 divide f(s)?
True
Let g(v) = 4*v**2 + v + 2. Let h(c) = c**2 - c. Let s(n) = g(n) - 3*h(n). Let p be s(-4). Suppose 34 = o - 3*q - 2*q, -8 = -p*o - 5*q. Is 7 a factor of o?
True
Let d be (-2)/(-5) - (-8)/5. Suppose 62 = d*s - 20. Is s a multiple of 11?
False
Let q(s) = -s**3 - 15*s**2 + 2*s - 38. Does 31 divide q(-16)?
True
Let k(y) = -y**2 - 3*y + 4. Let d be k(-3). Suppose 2*h - d*h = 0. Let i(v) = -v**3 - v**2 + v + 4. Is i(h) even?
True
Suppose 4*m - 2*u = 466, u = -5*m + 866 - 273. Suppose -4*a - 2*d + m = 0, 2*a + 3*a + 3*d = 149. Suppose -a - 17 = -3*v. Is v a multiple of 15?
True
Let f = 15 + 18. Let n = f + -8. Does 16 divide n?
False
Suppose -5*g + 2*m + 10 = -0*g, 5*m = g - 2. Suppose 59 = 5*w - 2*s - s, 29 = g*w - 3*s. Does 8 divide w?
False
Suppose 121 = i + 4*y, 3*i + 4*y - 544 = -i. Suppose -4*p = -i + 45. Does 24 divide p?
True
Let s(z) be th